. Let y be d(-9). Let k(j) = 2*j + 0 - 2 - y. Give k(6).
7
Let i(y) be the second derivative of -y**7/840 - y**6/360 - y**4/3 - 6*y**3 + 32*y. Let s(x) be the second derivative of i(x). Let o = 1 - 1. Determine s(o).
-8
Suppose -3*f = -2*o + 7, 3*f = -4*o + 5*o - 5. Let h(p) = o*p - p**2 - p + 36 - 35. What is h(-1)?
-1
Suppose 8 = 2*x + 16. Let o be 0 + 0 + (x - (3 + -7)). Let z(b) = -b - 8. Let f(c) = 2*c + 15. Let w(j) = 3*f(j) + 5*z(j). Determine w(o).
5
Let v(r) = r**2 + 14*r + 11. Suppose -4*m + 0*m - 2*o = 56, -2*m = 5*o + 36. Determine v(m).
-2
Let l(p) = 8*p + 32*p**2 + 1 - 33*p**2 - 8*p. Determine l(1).
0
Let v(g) = -5*g + 32. Let i(q) = q**2 - 31*q + 65. Let c be i(29). Calculate v(c).
-3
Let r(g) = 0*g + 6 - 6*g + 0*g + 3*g. Give r(8).
-18
Let r = -1825 + 1824. Let o(z) = -24*z**3 + 2*z + 1. Calculate o(r).
23
Let s(x) = 1 + x**2 + 6 + 1 - 2. What is s(0)?
6
Suppose -9*p + 8*p = 0. Let i(l) = -5*l**3 + l - l**2 + 7*l - 9*l + 5 + 4*l**3. What is i(p)?
5
Let k = -50 - -55. Let p(b) = -7*b**3 - 20*b**2 - 27*b - 29. Let a(m) = 3*m**3 + 10*m**2 + 13*m + 14. Let c(d) = k*a(d) + 2*p(d). Determine c(-9).
-6
Let c(y) = 2*y**2 + 75 - 19*y - 150 + 90. Determine c(9).
6
Let l(o) be the second derivative of 1/6*o**4 - o**3 + o - 1/2*o**2 + 1/20*o**5 + 0. Suppose -2*p - 18 = -2*f, 14*p - 13*p = 3*f - 19. Calculate l(p).
-9
Let t = 2220 - 2207. Let c(u) = u - 12. What is c(t)?
1
Let c(l) = l**3 + 4*l**2 - 14*l - 9. Let g be c(-6). Suppose -3*w - 9 = -3*o, g*w - 1 = 2*o - o. Let q(d) = -2*d - 1. What is q(w)?
-5
Let o(k) = 10*k - k**3 - 14*k**2 - 15 - 20 - k - 5*k + 9*k. Calculate o(-15).
-5
Suppose -5*u - 2*k - 80 = 0, -4*u - 5 = 2*k + 59. Let w = u + 22. Let f(c) = -c + c + 5*c + 7 - c**2 - c. Calculate f(w).
-5
Suppose -39 = -35*d - 4. Let x(h) = -5*h + 1. Determine x(d).
-4
Let n(t) be the second derivative of -t**3/6 + 7*t**2/2 + t - 4. What is n(4)?
3
Let f(g) = 7*g**3 - 8*g**2 - g - 6. Let k(r) = 4*r**3 - 4*r**2 - 3. Let o(h) = -3*f(h) + 5*k(h). Suppose -5*l = 10, -2 = -5*z + 3*z - 3*l. Determine o(z).
15
Let g(l) = l**2 + 8*l + 15. Let m be g(-5). Let k(t) = -t**2 + t + 22. Give k(m).
22
Let m(w) = 11*w**3 + 23*w**2 - 2*w - 12. Let y(k) = -13*k**3 - 25*k**2 + k + 13. Let q(h) = -7*m(h) - 6*y(h). Give q(10).
-14
Let b be 7*1*(-12)/(-14). Suppose -18*t + 15*t = -b. Let q(u) = u + 2*u**2 + 2 + 0*u**2 + t*u - u. What is q(-2)?
6
Let t(c) = -c**3 + 6*c**2 - 2*c + 6. Suppose 36 = 3*q - 6. Let x be 7/(-2)*(-8)/q. Suppose 2*z = g + 7, -2*z + 2*g - x = -4. Calculate t(z).
-6
Let b(a) be the second derivative of -a**4/12 - a**3/3 + a**2 - 3*a. Let s be (-31)/(-3) - 2/6. Suppose s = 2*d + 3*d. What is b(d)?
-6
Let u(h) = 1 + 0*h - 7*h - 2 + h**2. Suppose 5*q + 3*t + 3 - 45 = 0, -3*q + 38 = 5*t. Suppose 7*r - q*r = 7. What is u(r)?
-1
Let b(f) = f**2 + 6*f + 4. Let l = 69 - 75. Let r(g) = -2*g**2 - 13*g - 10. Let a be r(l). What is b(a)?
-4
Let r(z) be the second derivative of z**3/3 + 10*z**2 + 62*z. What is r(-10)?
0
Let v(g) = 2*g + 1. Suppose 146 = 3*b - y, -5*b + 88 = -3*b - 3*y. Let q = 298 + -573. Let c be 70/22 + b/q. Determine v(c).
7
Let m(w) = w**2 - 7*w + 7. Let v(i) = i + 10. Suppose h + 4 = -1. Let f be v(h). Give m(f).
-3
Suppose -2*s + 5*j = 15, -3*j = -s + 4*s - 30. Let g(t) = -4*t**2 + 6 + 7 - 9 + s*t**2. Let i = -2 - -2. What is g(i)?
4
Let a(w) be the first derivative of -2*w**3/3 - 5*w**2/2 + 3*w + 98. Calculate a(-4).
-9
Let r = -32 - -38. Let l(h) = h**2 - 3*h. Let o(b) = 3*b**2 - 10*b + 1. Let y(d) = 11*l(d) - 4*o(d). What is y(r)?
2
Let u = -3 + 2. Let s(t) = -25*t**3 + 7*t**2 - 6*t + 5. Let p(c) = 5*c**3 - c**2 + c - 1. Let r(f) = -6*p(f) - s(f). What is r(u)?
5
Let r = -7 + 11. Let l(c) = -c**3 + 3*c**2 + 5*c + 3. Calculate l(r).
7
Let g(f) = 123*f**2 + 1 - 212*f**2 + 111*f**2 + 2*f. Suppose c - 2 = -3. What is g(c)?
21
Suppose 2*u - 6*u + 16 = 0. Suppose u = -3*o + 13. Suppose 10 = o*h - 4*i - i, 2*h = 5*i + 10. Let s(q) = q - 4. What is s(h)?
-4
Let c(o) be the second derivative of 1/2*o**2 + 8*o - 1/20*o**5 + 0 + 1/3*o**3 + 1/12*o**4. What is c(2)?
1
Let u(p) = 5*p + 3. Let x(d) = -2*d - 1. Let f(k) = -u(k) - 2*x(k). Let y = 30 + -20. Give f(y).
-11
Suppose -5*o - b + 4 + 8 = 0, -2*b = -4. Suppose 4*n - 3*n + 12 = -2*h, -h - 6 = o*n. Let c(i) = i**3 + 5*i**2 - 7*i - 1. What is c(h)?
5
Suppose -k = -k - k. Suppose -4*h = -5*c - 3*h - 28, k = -2*c - 3*h - 18. Let t(r) = 2*r - 5. What is t(c)?
-17
Let r(p) = -2*p + 8. Let o be r(10). Let c = -18 - o. Let t(d) = -d**2 - 7*d - 7. Give t(c).
-1
Let g(x) = 21*x**3 + 2*x**2 + 6 - 7*x**3 - 11*x**3 + 2*x. Let m(o) = -7*o**3 - 5*o**2 - 3*o - 12. Let f(i) = 9*g(i) + 4*m(i). What is f(-4)?
14
Let g(h) = -h**3 + 7*h**2 - 6*h - 3. Let n(q) = q**3 + 3*q**2 - 2*q + 5. Let y be n(-3). Suppose 4*p - y*p = -42. Calculate g(p).
-3
Let r(o) = o**3 + 12*o**2 - 13*o + 3. Let x = -499 - -486. Give r(x).
3
Let m(t) = -5*t - 9. Let s(i) be the first derivative of -7*i**2 - 26*i - 1. Let z(k) = -17*m(k) + 6*s(k). What is z(-4)?
-7
Let o(p) be the second derivative of 3*p**5/20 - p**4/6 + p**3/3 - p**2/2 - 6*p. Let c be 12/(-20) - 23/(-5). Suppose 4*a = c - 0. Give o(a).
2
Let w(o) be the third derivative of -8*o**2 + 0*o**3 + 1/24*o**4 + 0 + 0*o. Let d be (-2)/(-1)*3/2. Determine w(d).
3
Let r(l) = l**3 - 6*l**2 + 7*l - 8. Let y(g) = -g**2 - 19*g + 6. Let f be y(-19). Determine r(f).
34
Let n(s) = s**2 + 25*s - 20. Let o be n(-26). Let v = -3 - -4. Let p(y) = o*y + 4*y + 4*y - 4*y - v. What is p(1)?
9
Let m(v) = -v**3 + 6*v**2 + v - 1. Suppose -t = 1, 0*x - 5*t = 4*x - 19. Give m(x).
5
Let r(f) be the third derivative of -4*f**2 + 0*f - 1/24*f**4 + 0 - 1/2*f**3. Suppose 0 = -5*l + y + 4*y + 5, -3*l - 2 = 2*y. Determine r(l).
-3
Let n(d) = 2*d**3 - d**2 + 1. Let q be n(1). Suppose 4*a = 2*h + 10, q*a - 4 = a. Let s be (h - -2) + (2 - 2). Let z(t) = t**3 - 6*t**2 + 7*t - 3. Give z(s).
7
Let c(z) = z**2 + 19*z + 21. Let n(m) = m**2 + 19*m + 21. Let l(r) = 7*c(r) - 6*n(r). What is l(-18)?
3
Let r be ((-17)/(-34))/((-1)/(-2)). Let v(l) = -6*l**3 - 3*l**2 + 3*l - 1. Calculate v(r).
-7
Let k(s) be the third derivative of -s**4/12 - 8*s**3/3 + 148*s**2. Calculate k(-7).
-2
Let a(h) = h**2 - 2*h + 3. Let u(d) = 3*d**2 - 7*d + 7. Let o(i) = 8*a(i) - 3*u(i). Determine o(3).
9
Suppose 26*y = 24*y + 4*a + 32, -4*y = 4*a - 28. Let b(r) be the third derivative of -r**6/120 + r**5/6 - 5*r**3/6 + r**2. What is b(y)?
-5
Let x(s) = -5*s + 2. Let p be (0 + 6 + -11)/(0 + -1). Give x(p).
-23
Let x(k) = 3*k**2 + 5*k + 3. Let p(d) = d - d**3 + 2*d**3 + 0*d**3 + 7 - 8*d**2. Let g be p(8). Suppose 3*j - g = 8*j. What is x(j)?
15
Suppose -7*f + 4*f = -72. Let c be (f/(-15))/((-14)/35). Let h(q) = -2*q + 5. Determine h(c).
-3
Let t(k) = -27*k + 10. Let h be t(2). Let v = 39 + h. Let l(r) = -r**2 - 3*r + 7. What is l(v)?
-3
Let y be (-3)/(4*-3) + 99/4. Let u(q) = 7*q - y*q**3 - 2*q**2 + 26*q**3 - 6 - 3*q**2 - q**2. Give u(5).
4
Suppose 0 = 36*h - 38 - 178. Let r(l) be the first derivative of l**3/3 - 2*l**2 - 2*l + 2. What is r(h)?
10
Let p(o) = -o**3 + 4*o**2 + 13*o - 8. Let v be p(6). Let m(u) = u**3 - 4*u**2 - u + 2. Let g(d) = 2*d**3 - d**2 + 1. Let s(a) = -g(a) + m(a). Determine s(v).
-1
Let v(s) = -s**2 + s + 7. Let g(a) = 6*a + 6. Let z be g(1). Suppose o + 5*c + z = 27, -12 = -4*c. Give v(o).
7
Let l = -30 + 35. Let m(s) be the first derivative of s**4/4 - 2*s**3 + 2*s**2 + 5*s + 3. Give m(l).
0
Let g(z) = -z**2 + 3*z + 4. Suppose 1 = 3*h + 7. Let l(r) = -3*r**2 - 2*r + 2. Let i be l(h). Let j = -3 - i. Give g(j).
4
Let h = 24 - 26. Let x(v) = v**2 - v. Let g be x(2). Let p(d) = 5*d**2 - 6*d**g + 0*d**2 - 3*d + 2 + 2*d + d**3. Determine p(h).
-8
Let k(s) = -s**3 - 7*s**2 - 4*s - 2. Let d(u) = -u**2 + 13*u + 12. Let z be d(9). Let l be ((-2)/(-4))/((-4)/z). Give k(l).
-14
Let o(i) = -3*i**2 - 98*i**3 - 101 + 2*i - 3*i + 99*i**3 + 105. Let z(k) = -k**3 + k**2 - k + 3. Let b be z(0). Calculate o(b).
1
Let m(x) = -3*x + 20. Let f be m(6). Let h(c) = -1 + c - 12*c**2 + 24*c**2 - 9*c**f. Give h(1).
3
Suppose 5*w - 15 = 3*u, 2*w - 3*u + 5*u = 22. Let z(o) be the second derivative of -o**5/20 + 5*o**4/12 + o**3 - 9*o**2/2 + 9*o. Determine z(w).
-9
Let m(c) = 14*c**2 + 5*c + 18. Let j(o) = 9*o**2 + 5*o + 17. Let i(a) = -3*j